f f(9)?
3
Suppose -m = -2*m. Suppose -p + 4 + 8 = m. What are the prime factors of p?
2, 3
Let q(u) = -u**3 - 7*u**2 - 6*u - 2. Let b be q(-6). List the prime factors of (-3 + 3 - b) + 10.
2, 3
Let r(p) = p**3 + 11*p**2 + p - 4. Let c(h) = -2*h**3 - 21*h**2 - h + 8. Let u(i) = -6*c(i) - 11*r(i). List the prime factors of u(-5).
3, 7
Let h = 42 - 23. Let g = -11 + h. Suppose 2 + g = v. What are the prime factors of v?
2, 5
List the prime factors of ((-4)/40*12)/((-2)/185).
3, 37
Let d(z) = -z**3 + 7*z**2 + 8*z + 8. Let h be 8*(-7 + 4)/(-3). What are the prime factors of d(h)?
2
Suppose 0 = 127*p - 128*p + 203. What are the prime factors of p?
7, 29
Let w(n) = -n**2 - n - 1. Let m(r) = 2*r - 11. Let v(l) = -m(l) - w(l). List the prime factors of v(0).
2, 3
Let k(d) = -d - 4. Let f be (-3 + 4)*6/(-1). Let r be k(f). Let s(z) = 3*z**2 - z. List the prime factors of s(r).
2, 5
Suppose 6*t = 4*t - 8, 21 = 5*n + t. Suppose n*h + 5 = -5*r, r - 8 = -3*h - 3. Suppose l + h*l = 40. What are the prime factors of l?
2, 5
Suppose 0 = -s - 3*k - 2*k - 3, 5*k + 11 = 3*s. List the prime factors of (-28)/2*(-1)/s.
7
Suppose -5*k + 201 + 519 = -3*r, -r + 446 = 3*k. What are the prime factors of k/12 + 6/8?
13
Let z = -11 + 9. What are the prime factors of (12/8)/(z/(-4))?
3
Suppose 2*n + 20 = 3*n. Let x be 4/10 + 392/n. Suppose -4*i + 0*i + x = 0. List the prime factors of i.
5
Let i be 1 - 9 - 0/(-5). Let w = i - -25. List the prime factors of w.
17
Let o = -32 - -14. Let y = o - -33. Let p = -9 + y. List the prime factors of p.
2, 3
Let g be 6*3/(-6) - -26. Suppose 7*w - 2*w = -h + 12, 0 = 2*w - 2*h. Suppose -4*b - b + 5*f = 5, -g = -w*b - 3*f. List the prime factors of b.
2
Let v(t) = t**2 - 4*t - 5. Let g be (4/(-5))/(4/(-20)). Suppose 5*n - g*x = 46, 0 = -n - 4*x - 11 + 1. What are the prime factors of v(n)?
7
Let y(r) = 7*r + 2. Let w(a) = a. Let o(p) = -2*w(p) + y(p). List the prime factors of o(4).
2, 11
Let y = -2 + 5. What are the prime factors of 4 + 1*(-3)/y?
3
What are the prime factors of (-92)/(-14) + (-4)/7?
2, 3
Let r be 41/((-1)/(0 + -1)). Let c = 63 - r. List the prime factors of c.
2, 11
Let n(o) = -11*o**2 - 16*o - 13. Let m(r) = 4*r**2 + 5*r + 4. Let i(j) = -8*m(j) - 3*n(j). List the prime factors of i(-9).
2
Let a(q) = 35*q - 1. Let f be 6/(-33) - 26/(-22). List the prime factors of a(f).
2, 17
Suppose -4*m + 2*d - 302 = -80, 240 = -4*m - 4*d. Let a = 94 + m. What are the prime factors of a?
37
Let l = 17 + -17. Suppose w - 33 - 7 = l. List the prime factors of w.
2, 5
Let c = -166 - -286. What are the prime factors of c?
2, 3, 5
Let j(t) be the third derivative of -t**6/120 - t**5/15 - t**4/8 + 2*t**3/3 + 4*t**2. What are the prime factors of j(-4)?
2
List the prime factors of (-1815)/(-44) + 2/(-8).
41
Suppose 0 = 19*m - 22*m + 432. What are the prime factors of m?
2, 3
What are the prime factors of 6 + -10 - (-28 + -1)?
5
Suppose -7 - 13 = -5*z. Suppose -z*k = k - 15. List the prime factors of k.
3
What are the prime factors of (18/4)/(1/6)?
3
Suppose -4*m = -k - 244, 4*m + 2*k - 74 = 182. Let n = m + -33. List the prime factors of n.
29
Suppose 10 = f + 1. Let g(w) = w**2 - 4*w - 10. List the prime factors of g(f).
5, 7
Let k = 4 + -1. What are the prime factors of (3 - 27)/(k/(-4))?
2
Suppose -c - c + 86 = -z, 3*c + 4*z = 151. Suppose -c = -4*q + 47. What are the prime factors of q?
23
Let g(j) = j**3 + 9*j**2 + 10*j + 6. Let h be g(-8). Let b(f) = f**3 + 9*f**2 - 10*f + 7. List the prime factors of b(h).
7
Let d(c) = 2*c**2 - 4*c + 2. Let n be d(2). Suppose 2*l + 26 = 2*m - l, -n*l = 5*m - 65. What are the prime factors of m?
13
Let h(d) be the first derivative of 1 - 2*d**2 + 2*d - 1/4*d**4 - 4/3*d**3. What are the prime factors of h(-4)?
2, 3
Let v be 1/2*1*-10. Let o = v - -5. Suppose o = -2*f - f + 15. What are the prime factors of f?
5
Let z be (3/(-2))/(6/(-56)). List the prime factors of 360/z + 2/7.
2, 13
Let v = -11 + 15. Let m be 1/((-78)/27 - -3). Let k = m - v. What are the prime factors of k?
5
Let k(o) = 0 - 4*o + 7*o + o**2 + 2*o - 4. Suppose -5*s - 39 + 4 = 0. List the prime factors of k(s).
2, 5
Let y = -4 - -4. Suppose y*z - 3*z = -21. List the prime factors of z.
7
Let h = 6 + 2. Let y = h + -5. Suppose -6 - 27 = -4*r + y*v, -5*r + 3*v = -39. List the prime factors of r.
2, 3
List the prime factors of (-2 + 42/(-9))*-3.
2, 5
Suppose -d = 23 - 59. What are the prime factors of d?
2, 3
Let q(n) = 2*n**2 + 4*n - 3. Suppose -4*s = -40 - 24. Suppose -4*u + 5*u - 5 = -h, 4*u - s = -2*h. What are the prime factors of q(h)?
13
Suppose -d = 2, 128 = 5*a + 4*d - 294. List the prime factors of a.
2, 43
Let l(p) = p**3 + 10*p**2 + 10*p - 4. Let n be l(-8). Suppose 5*g - 3*g = n. Suppose 5*v + 2*i - 38 = -2*i, v - 4*i - g = 0. List the prime factors of v.
2, 5
Suppose -s = 4*z + 18, 3*s - 3*z + 54 = -2*z. Let w = s + 25. List the prime factors of w.
7
Let j(r) = -r + 4. Let p be j(-4). Let v(o) = -o**3 + 8*o**2 - o + 10. What are the prime factors of v(p)?
2
Let k = 732 + -484. List the prime factors of k.
2, 31
Suppose 0 = 3*q - 9 - 3. Suppose j - q = 1. List the prime factors of j.
5
Suppose 850 = 13*c - 528. List the prime factors of c.
2, 53
Let w = -94 - -370. List the prime factors of w.
2, 3, 23
Suppose -202 + 1187 = 5*q + 4*j, -q + 3*j = -178. List the prime factors of q.
193
Let c(w) = -w**3 - 2*w**2 - 2*w. Let g be c(-3). Suppose n = -4*n + g. List the prime factors of 5 - 3/(n/2).
3
List the prime factors of 1/(35/4810) - (-6)/(-14).
137
Suppose -3*f + 6 = 3*a + f, 0 = -f. List the prime factors of a.
2
Suppose -2*u = u - 9. Suppose 15 = u*o - 0. What are the prime factors of o?
5
Let o(s) = 4*s**2 + 8*s + 8. Suppose z + 34 = 3*z. Let y(p) = 11*p**2 + 23*p + 23. Let c(v) = z*o(v) - 6*y(v). What are the prime factors of c(2)?
2
Let t be (-1)/(2*-1 - -3). List the prime factors of 10/(-4)*-4 + t.
3
Let z(c) = 4*c**3 - c + 1. Suppose -5*i = -4*w + 9, 0 + 6 = w - 5*i. List the prime factors of z(w).
2
Let x be 6/(-33) - (-62)/(-22). List the prime factors of 8 - 2*x/(-6).
7
Let b be ((-22)/(-8) - 2)*-4. Let t(h) = h - 16. Let j be t(12). List the prime factors of j/((-1 - b) + -3).
2
Let f be (-2)/(1 - 3) - -1. What are the prime factors of (1 - (-31 + f))/2?
3, 5
Let k(v) = 11*v**2 + 5*v. What are the prime factors of k(-2)?
2, 17
Let c = -4 - -6. Suppose 5*j = c*j. List the prime factors of 0 - j - (-10 + -1).
11
Let c(h) = h - 3. Let a be c(-5). Suppose 4*y - 43 - 45 = 0. Let x = y + a. What are the prime factors of x?
2, 7
Let m = 9 + -7. Suppose 3*s - m*s = 17. List the prime factors of s.
17
Let a(g) = -g**3 - g - 5. Let j be a(-4). Suppose 2*k + 5*d - 36 = 0, 5*k - j = -5*d - 3. What are the prime factors of k?
2
What are the prime factors of ((-4)/(-1))/4*4?
2
Let v be 4/(-6) - 11/(-3). Suppose 3*l - 4*b = 2, 4*b - 3*b + v = 2*l. Suppose l = -q + 7. What are the prime factors of q?
5
Suppose -242 = -3*x + 124. What are the prime factors of x?
2, 61
What are the prime factors of (3 - 0)/1 + 66?
3, 23
Suppose 3*m + 146 = 5*w, w + 191 = -4*m + 4*w. Let d = 84 + m. What are the prime factors of d?
37
Let m(c) = c**3 + c**2 + 1. Suppose 3*q - 2*u = 2*u, u = 2*q. Let z be m(q). Let l(r) = 12*r**2 + r - 1. What are the prime factors of l(z)?
2, 3
Suppose 15 = 7*n - 328. List the prime factors of n.
7
What are the prime factors of 6/(-3) - (4 + -69)?
3, 7
Let w be (-8)/(-12) - 4/6. Suppose w = 5*d - 37 + 2. Let y(g) = g**3 - 6*g**2 - 6*g + 3. What are the prime factors of y(d)?
2, 5
Let t = 6 + -4. Let j be (t/(-3))/(8/12). Let c(n) = -4*n. What are the prime factors of c(j)?
2
Suppose -7*c - 155 = -2*c. Let i = -22 - c. List the prime factors of i.
3
Let m(x) = x**2 - 4*x. Let i be m(5). Suppose -n - 6 + 3 = -q, i*q = -3*n + 7. Suppose -q + 10 = 4*k. List the prime factors of k.
2
Let f be -2*(3 + -6 - -2). Suppose f*r + 5*x - 7 = -2*r, 0 = -4*r - x + 27. List the prime factors of r.
2
Let f(z) = z**3 - 2*z**3 + 2*z**2 + 8 - 3*z**2. Let l be f(0). Let i = l + -4. What are the prime factors of i?
2
Let k = 21 - -9. Suppose k + 0 = 5*r. Let n = -4 + r. List the prime factors of n.
2
Let z = 52 + -34. List the prime factors of z.
2, 3
Let p(a) be the first derivative of -a**3/3 - a**2/2 + a - 2. Let b be p(3). Let l =